 factor of 231 and b?
21
Suppose 0 = -0*s - 2*s + 36. Let p(k) = -210*k + 2757. Let g be p(13). Calculate the greatest common factor of s and g.
9
Let k(b) = -b**2 + 1. Let a(n) = -2*n**3 + 4*n**2 + 4*n - 5. Let c(m) = -2*a(m) - 6*k(m). Let h be c(3). What is the highest common factor of 105 and h?
35
Let w(p) = 23*p**2 - 8*p - 28. Let x be w(-7). What is the greatest common divisor of 105 and x?
105
Suppose -71*x + 70*x = -516. Calculate the greatest common factor of 36 and x.
12
Let q = 9 + -9. Suppose -2*n + 13 - 5 = q. Let i be ((-12)/(-1))/n - -17. Calculate the greatest common divisor of 50 and i.
10
Let c(t) = -39*t - 279. Let r be c(-8). Calculate the highest common divisor of 891 and r.
33
Let g = 18 + -12. Suppose g = t - 6. Let n be (-2 - (-2 + -57)) + 2 + 1. What is the highest common factor of n and t?
12
Suppose 0*z - 3*z = -15. Suppose -3 = 2*g + 3*k - 12, -4*g + z*k + 7 = 0. Suppose -6*o - g = -7*o. What is the greatest common divisor of 9 and o?
3
Let l(u) = 5*u**2 + 2*u + 3. Let v be l(-2). Suppose -2*n + 4*t = -314, -82*n - 876 = -87*n - 3*t. Calculate the greatest common factor of n and v.
19
Let v(j) = 2*j**2 + 8*j + 13. Let x(l) = 2*l**2 + 9*l + 14. Let n(b) = 6*v(b) - 5*x(b). Let r be n(-8). Calculate the greatest common divisor of r and 28.
28
Let y = -626 - -663. What is the highest common divisor of y and 74?
37
Let h be 2/6 - 1326/(-18). What is the highest common factor of 111 and h?
37
Suppose 26*g = -861 + 3513. What is the highest common divisor of 68 and g?
34
Suppose 0 = -4*b + 16 + 24. Suppose -z + x + 62 = 3*x, -3*z + 194 = 4*x. What is the highest common factor of z and b?
10
Let w = 196 + -92. Calculate the highest common divisor of w and 65.
13
Let u(r) be the first derivative of r - 5/2*r**2 + 2. Let o be u(-3). What is the greatest common divisor of o and 80?
16
Suppose 5*f - 24 = 4*f. Suppose -2*d - 4*s - 25 = -9, f = -3*d + 2*s. Let u be 1*d/(-12)*15. What is the highest common divisor of u and 40?
10
Let l(i) = -11*i + 102. Let t be l(9). Calculate the greatest common factor of t and 3.
3
Suppose 229 + 191 = 21*n. What is the highest common divisor of n and 10?
10
Let k(t) be the second derivative of 2/3*t**3 + 0 + 1/6*t**4 + 2*t - 1/2*t**2. Let v be k(-4). What is the highest common factor of v and 30?
15
Suppose 278 = u - 3*j, -2*u + j = 3*u - 1320. Let v = -173 + u. Calculate the highest common factor of v and 45.
45
Let u(j) = j**3 + 7*j**2 + j + 6. Let o be u(-7). Let h be (-11)/o - (-1 - 1). Suppose -6*r + 2*r = -260. What is the greatest common divisor of r and h?
13
Let v(b) = b**2 - 16*b + 30. Let g be v(14). Let s be (g/6)/((-8)/(-576)). Calculate the highest common divisor of 108 and s.
12
Suppose 0 = -3*t + 3*w + 117, -t - 21*w + 14 = -17*w. Calculate the greatest common divisor of t and 255.
17
Suppose -17*h + 110 = -26. Calculate the highest common factor of h and 160.
8
Let m be -4*1 - (41 + -2). Let o = -27 - m. Calculate the greatest common divisor of o and 40.
8
Let c(i) = -i**2 + 19*i - 1. Let u be c(10). Let r = 103 - u. What is the greatest common factor of 154 and r?
14
Let k be 1112/20 - (-2)/5. What is the highest common factor of k and 70?
14
Let k be 36/(-3)*(3/12 - 4). Calculate the highest common divisor of k and 30.
15
Suppose -2*o - 155 = -h, -5*o + 7*h - 3*h - 386 = 0. Let k = 112 + o. Calculate the highest common divisor of 102 and k.
34
Let j = -7 - -3. Let p(t) = t**2 + 3*t + 3. Let c be p(j). Suppose -c - 2 = -z. What is the greatest common divisor of z and 81?
9
Let x = -195 + 251. What is the highest common divisor of 21 and x?
7
Let p(o) = 14 + 8 - 37 + o**2 + 5*o. Let z be p(-8). Let g be 1821/z + 6/9. Calculate the highest common factor of g and 29.
29
Let d(i) = i + 7. Let l be d(-7). Suppose -4 = u, l*a = -2*a - u - 310. Let c = a - -270. Calculate the greatest common divisor of c and 13.
13
Let s be -55*8/(-80)*22. Calculate the highest common divisor of 33 and s.
11
Let a be ((4 + 66)/5)/((-6)/(-3)). Suppose 0 = -7*g - a*g + 616. Calculate the highest common divisor of 11 and g.
11
Let a = -29 + 51. Let c(t) = t**2 + 14*t - 21. Let w be c(-16). What is the greatest common divisor of w and a?
11
Let c be 3/(2 - 2/2). Suppose -4*a = c*m + a - 80, a = 3*m - 110. Calculate the highest common factor of 5 and m.
5
Let c be 4 - 1 - 56/8. Let m be (-16)/c + -2 - -4. What is the highest common divisor of 42 and m?
6
Let j be (1 - (-6)/(-15))*5. Suppose -j*b + 83 = -673. What is the greatest common divisor of 28 and b?
28
Let l(j) = j**2 - 2*j + 2. Let o = 7 - 5. Let z be l(o). Suppose -z*a - 3*a - 3*q = -91, 0 = 2*q + 6. Calculate the highest common divisor of 220 and a.
20
Let g be (4 + -3)*3 + 0. Suppose 0 = -g*n - 9, 0 = -t - 4*n + 5 - 4. Calculate the greatest common divisor of 26 and t.
13
Let b be (-3696)/(-108) - 4/18. What is the highest common factor of 2414 and b?
34
Suppose -2*r = -7 + 3, -104 = -4*z - 4*r. Let o be (z - 7) + 8/2. Calculate the greatest common divisor of 168 and o.
21
Suppose 1328 = 15*o - 592. Let w(a) = a**2 + 10*a + 41. Let b be w(-5). Calculate the highest common divisor of b and o.
16
Suppose u = 7*u. Suppose -11*w + 123 - 24 = u. What is the greatest common factor of 81 and w?
9
Let d = 122 - -263. What is the highest common divisor of 55 and d?
55
Let s be ((-42)/(-84))/(2/16). Calculate the greatest common factor of s and 11.
1
Let o = 68 - 4. Suppose 2*z + 5*q = 2*q - 18, 27 = -3*z - 5*q. Let a be 32/(-6)*z/6. Calculate the highest common divisor of o and a.
8
Let s = 84 - 69. Suppose -7*x = -0*x - 175. What is the greatest common divisor of s and x?
5
Suppose -5*i = -23 - 7. Let t = 75 - 45. Calculate the highest common factor of t and i.
6
Suppose -802 = -5*c + 198. Suppose -p = 5*k, -3*k = -3*p + 122 - 32. Calculate the greatest common factor of p and c.
25
Suppose 320 = 3*h + 13*h. Let g = h + -19. Calculate the greatest common divisor of 9 and g.
1
Suppose 2*n + 45*r - 48*r = 63, 0 = n - 5*r - 49. Let a = 150 - 54. What is the greatest common factor of a and n?
24
Let y(j) be the third derivative of -j**5/60 + 2*j**4/3 - 17*j**3/6 - 31*j**2. Let q be y(14). What is the highest common divisor of 11 and q?
11
Suppose 2*y - 2*h = -46, 0*h - 4*h = -2*y - 40. Let r = y - -101. Calculate the greatest common divisor of 25 and r.
25
Let x(v) = -v + 18. Let n be x(-14). Let w = 64 - n. Let g(d) = -9*d - 1. Let s be g(-1). What is the greatest common divisor of s and w?
8
Suppose -5*s + 3*v - 52 = 0, 0 = s - 0*v - 4*v + 24. Let a be (-5 - -12)/(20/s - -3). What is the highest common factor of 126 and a?
14
Let o(l) = -l**2 - 2. Let t be o(0). Let n be 8 - (2 + t) - 1. Let q(p) = -p**2 + 5*p + 7. Let w be q(0). What is the greatest common factor of w and n?
7
Let u(q) = -q**3 + 8*q**2 + 4*q - 8. Let c be u(8). Suppose 0*w - 2*w = 2*r, -c = -3*w + 3*r. What is the greatest common divisor of 32 and w?
4
Suppose 0 = 5*t - 10*t + 5*y + 25, -5*y - 5 = -3*t. Let c be 4/16*0 + 48. Suppose 8*m = t*m - c. What is the greatest common divisor of 3 and m?
3
Let r be (-2)/(-2 - 47/(-24)). Let p be (20/(-24))/((-2)/12). Let c(n) = n**3 - 4*n**2 - 6*n + 11. Let j be c(p). What is the highest common factor of j and r?
6
Let x be 77/2 - (-2)/(-4). Suppose 2*g + 4*n + 28 = -g, 2*n + 24 = -4*g. Let u be (-1 - (g - -4)) + 96. Calculate the greatest common factor of u and x.
19
Let a be (12/120)/((-1)/(-36))*5. Calculate the highest common factor of a and 24.
6
Suppose -184 = -5*g + 11. Let b = 64 - g. Suppose 5*t = -b, -v - 7*t + 2*t - 13 = 0. What is the greatest common divisor of 48 and v?
12
Let k = -9014 + 40974. Let h be k/88 + (-4)/22. What is the highest common factor of 33 and h?
33
Let a = -800 + 877. Let v(j) = -j**3 + j**2 - j + 11. Let d be v(0). Calculate the greatest common divisor of a and d.
11
Suppose -i + 33 = 3*t, 3*i + 4*t - 121 = -2*i. Suppose -671 = -79*f + 988. What is the highest common divisor of i and f?
21
Let q be 228/(-60) - 4/(-5). Let w be q/((-6)/20) + 0. What is the highest common factor of w and 10?
10
Let c = 19 + -18. Suppose 0 = 5*j - 59 - c. Let t be 8/(3/(-1 + 4)). What is the greatest common factor of t and j?
4
Let z(i) = 2*i - 11. Let p be -3*(160/12)/(-5). Let g be z(p). Suppose 0*h - 45 = -g*h. Calculate the